2102?
10012011
In base 2, what is 11010001000100010 - -101?
11010001000100111
In base 6, what is -13142 + -11?
-13153
In base 2, what is -1011 - -11000010010110?
11000010001011
In base 7, what is -3 + -532154?
-532160
In base 10, what is -3677 - -983?
-2694
In base 15, what is 0 + 22ebd3?
22ebd3
In base 11, what is -12821 - 4?
-12825
In base 12, what is -4 + 80a0?
8098
In base 8, what is -114 + 2266?
2152
In base 3, what is -12002221 - -210?
-12002011
In base 12, what is 5b7a + 3?
5b81
In base 7, what is -1126534 - 52?
-1126616
In base 12, what is -3 + -102b4?
-102b7
In base 7, what is 5 + -2341?
-2333
In base 7, what is -240 + -1264?
-1534
In base 8, what is 2 - 177173?
-177171
In base 16, what is -1b944 - 1?
-1b945
In base 3, what is 2222101222 + 1?
2222102000
In base 6, what is -10352 + 41?
-10311
In base 3, what is 110 - -10102010000?
10102010110
In base 14, what is b31c + 1?
b31d
In base 7, what is -1266 + -1?
-1300
In base 7, what is -211425 - -5?
-211420
In base 12, what is 51274 - -1?
51275
In base 16, what is -5 + -7e36?
-7e3b
In base 3, what is -112111100212 + 10?
-112111100202
In base 6, what is 444 - 1425?
-541
In base 11, what is -91 - -321?
240
In base 5, what is -1 + -123211?
-123212
In base 9, what is 81 + 1247?
1338
In base 6, what is 450414 + 1?
450415
In base 8, what is -1153 + 462?
-471
In base 10, what is 223899 - -1?
223900
In base 13, what is -2334 - -118?
-2219
In base 10, what is -312 + -570?
-882
In base 13, what is 0 + -769c6?
-769c6
In base 16, what is 2f5 + 6?
2fb
In base 8, what is 1253150 + 17?
1253167
In base 15, what is 30 - -1ac?
1dc
In base 12, what is ab6a - 13?
ab57
In base 3, what is -101011100101 - -2?
-101011100022
In base 4, what is -201301 + -331?
-202232
In base 4, what is 2 + 233121211?
233121213
In base 10, what is 106749 + 0?
106749
In base 13, what is -9b3 - 56?
-a39
In base 7, what is -2242 + -24301?
-26543
In base 6, what is 21143233 - -4?
21143241
In base 6, what is 0 - 5433?
-5433
In base 4, what is -1102201 + 2100?
-1100101
In base 5, what is 34300 + 4?
34304
In base 9, what is 4774 - -1?
4775
In base 14, what is 9a2 + 6?
9a8
In base 16, what is 1629 + 1?
162a
In base 3, what is 12 - -1002101102200?
1002101102212
In base 12, what is -1 - -1002?
1001
In base 13, what is 6a + -16c?
-102
In base 2, what is -111111000 + -10001101000000?
-10010100111000
In base 14, what is 7a36 + -2?
7a34
In base 11, what is -29838 + 8?
-29830
In base 11, what is -246229 - 1?
-24622a
In base 11, what is -10908 - 3?
-10910
In base 12, what is 43819 + -1?
43818
In base 14, what is 5 + 69497?
6949c
In base 10, what is -1623 - 228?
-1851
In base 13, what is -9 + 57a2?
5796
In base 6, what is 500303 + -2?
500301
In base 8, what is 15717 - -33?
15752
In base 16, what is -295 - 1f0?
-485
In base 16, what is 1c106 + 4?
1c10a
In base 7, what is 14 + 230560?
230604
In base 16, what is -125f + -a?
-1269
In base 3, what is -220120010102 + 1?
-220120010101
In base 7, what is 4564 + 2544?
10441
In base 9, what is 1 - -10246?
10247
In base 12, what is 179 + 327?
4a4
In base 6, what is 222033 + 352?
222425
In base 12, what is -1ba9 + 10?
-1b99
In base 4, what is 132 + -12203003?
-12202211
In base 2, what is -11 + -100101001110111?
-100101001111010
In base 5, what is 2410 - 1040?
1320
In base 16, what is -1f9 + 75?
-184
In base 6, what is 54005 - -102?
54111
In base 8, what is -3643 + 2?
-3641
In base 14, what is -116 + 30?
-c6
In base 8, what is -274 - 330?
-624
In base 9, what is 362814 + 25?
362840
In base 10, what is 8205 - 4?
8201
In base 5, what is -121 - -220044?
214423
In base 7, what is -32622 - 4?
-32626
In base 15, what is -3 + -153e?
-1542
In base 11, what is 1a + -6824?
-6805
In base 11, what is 0 + 52787?
52787
In base 11, what is 601 + 42?
643
In base 8, what is -564 + -14?
-600
In base 16, what is -96f - 2?
-971
In base 2, what is 10110100 + -10000?
10100100
In base 3, what is 1 + 210121222?
210122000
In base 10, what is 81 + 16427?
16508
In base 6, what is -2 + 150400?
150354
In base 5, what is -2304011 + -3?
-2304014
In base 12, what is -76 - -464?
3aa
In base 16, what is -49912 - -1?
-49911
In base 8, what is -355713 - -3?
-355710
In base 2, what is -10 - -1110110111011?
1110110111001
In base 11, what is -4 + 1515?
1511
In base 7, what is -15003432 + 5?
-15003424
In base 10, what is 3016 - 5?
3011
In base 14, what is 5 + -6c17?
-6c12
In base 7, what is 152 - 11632?
-11450
In base 8, what is 12222 - 235?
11765
In base 5, what is -10 + 113110033?
113110023
In base 16, what is 33c + -109?
233
In base 11, what is -28 + -5333?
-5360
In base 14, what is 0 - -16c6b1?
16c6b1
In base 7, what is -25255 - 3?
-25261
In base 6, what is -20 + 340540?
340520
In base 11, what is -104 + 11294?
11190
In base 3, what is -12 - -1100210011020?
1100210011001
In base 15, what is 3 - -13725b?
13725e
In base 12, what is 410b + 18?
4127
In base 8, what is 4 + -4607531?
-4607525
In base 10, what is 411206 + 2?
411208
In base 7, what is -1423 - 0?
-1423
In base 11, what is -161a49 + -11?
-161a5a
In base 12, what is 2901a7 + 0?
2901a7
In base 5, what is -1132233 + -3?
-1132241
In base 14, what is -602 - -34c?
-294
In base 3, what is -22 + -1012101211?
-1012102010
In base 5, what is 2230111 - -12?
2230123
In base 6, what is -34331 + 354?
-33533
In base 10, what is -5 + 21011?
21006
In base 11, what is -353578 + 0?
-353578
In base 12, what is -105 + 148?
43
In base 9, what is -2253 + 60?
-2183
In base 16, what is -2b8 - 18ab?
-1b63
In base 5, what is 1 - 110102?
-110101
In base 3, what is -2101210020 + 10?
-2101210010
In base 5, what is -11 + -213?
-224
In base 9, what is 5 + 12013?
12018
In base 8, what is 2 + 45367?
45371
In base 14, what is -396d + -1?
-3970
In base 9, what is 71337 - -4?
71342
In base 10, what is 1312921 + -2?
1312919
In base 2, what is -110001011110101 - 11?
-110001011111000
In base 16, what is a8b - 5?
a86
In base 7, what is -65141 + 0?
-65141
In base 14, what is 28c6 - 2?
28c4
In base 6, what is 502 + -203535?
-203033
In base 11, what is -185a + 0?
-185a
In base 15, what is -43e - -163?
-2cb
In base 15, what is 43e6 - a?
43db
In base 7, what is 44412056 - 2?
44412054
In base 14, what is -20 + d9d1?
d9b1
In base 4, what is -3312 - -112023?
102111
In base 8, what is -3 + -2266324?
-2266327
In base 4, what is 30030 + -12233?
11131
In base 14, what is a019 + -5a?
9d9d
In base 8, what is 1643 + -2?
1641
In base 6, what is -11034330 - -1?
-11034325
In base 12, what is 31ab3 + 3?
31ab6
In base 8, what is 0 - 2731267?
-2731267
In base 14, what is -763ac + 2?
-763aa
In base 7, what is 1105 + -63?
1012
In base 13, what is 72c1 - -1?
72c2
In base 14, what is -35b9 + -9?
-35c4
In base 15, what is 6 + 1569?
1570
In base 6, what is -110042132 - 3?
-110042135
In base 11, what is -4091 + -142?
-4223
In base 9, what is 0 - 167553?
-167553
In base 9, what is -4 + -42488?
-42503
In base 3, what is -10001210201021 + 11?
-10001210201010
In base 13, what is -3c06 - -31?
-3ba5
In base 6, what is 331151405 - -5?
331151414
In base 9, what is -11 + 467154?
467143
In base 2, what is -1000010101000101011 - -1?
-1000010101000101010
In base 13, what is 0 - 3975?
-3975
In base 13, what is 5069 - 72?
4cc7
In base 3, what is -222022211 - -2?
-222022202
In base 2, what is 100 - -10111101000111100?
10111101001000000
In base 10, what is 432 + 6798?
7230
In base 16, what is -33b1f - 6?
-33b25
In base 14, what is 80 - 21a8?
-2128
In base 14, what is -c - 2487?
-2495
In base 14, what is 0 - a9276?
-a9276
In base 15, what is b - 10621?
-10615
In base 11, what is -1 + -10226?
-10227
In base 6, what is -15503 - 520?
-20423
In base 10, what is -25 + 15589?
15564
In base 3, what is -200222 + 1101?
-122121
In base 9, what is 36 - 2172?
-2135
In base 10, what is -287722 + -1?
-287723
In base 5, what is 13331 + 1034?
14420
In base 3, what is -11 - -20100112?
20100101
In base 3, what is 1 - 1210022200?
-1210022122
In base 5, what is -422 - -3211?
2234
In base 16, what is bd - -6a?
127
In base 6, what is -1 - -413032?
413031
In base 7, what is -216546 - -11?
-216535
In base 14, what is 25da + 1?
25db
In base 2, what is 1001101111 + -11000?
1001010111
In base 13, what is -2b8ab + 0?
-2b8ab
In base 14, what is -7 + -28d1?
-28d8
In base 12, what is 43b0 - 226?
4186